{"id":1283,"date":"2025-05-21T18:10:43","date_gmt":"2025-05-21T16:10:43","guid":{"rendered":"https:\/\/www.sv-hilbeck.de\/?page_id=1283"},"modified":"2025-05-21T18:29:33","modified_gmt":"2025-05-21T16:29:33","slug":"1-inklusionsturnier","status":"publish","type":"page","link":"https:\/\/www.sv-hilbeck.de\/?page_id=1283","title":{"rendered":"1. Inklusionsturnier in Hilbeck"},"content":{"rendered":"\n\n<p>Bei strahlendem Sonnenschein fand am Samstag, den 10. Mai 2025, im Willi-Hafer-Stadion in Hilbeck ein ganz besonderes Fu\u00dfballturnier statt: Der SV Hilbeck hatte in guter Zusammenarbeit mit Fabio Singel zum Inklusionsturnier f\u00fcr erwachsene Menschen mit Handicap eingeladen \u2013 und zahlreiche Mannschaften aus der Region waren der Einladung gefolgt.<\/p>\n<p>Im Vordergrund standen an diesem Tag nicht nur der Sport, sondern vor allem das Miteinander, der Spa\u00df und das gelebte Prinzip der Inklusion. In einer durchweg freundschaftlichen und herzlichen Atmosph\u00e4re traten die Teams gegeneinander an \u2013 ganz nach dem Motto: Fu\u00dfball verbindet! Dabei wurde schnell klar: Hier gibt es nur Gewinner. Die Freude am Spiel, das gegenseitige Anfeuern und die vielen strahlenden Gesichter zeigten, wie viel positive Energie und Gemeinschaftsgef\u00fchl in dieser Veranstaltung steckten.<\/p>\n<p>Auch die Zuschauerinnen und Zuschauer, die zahlreich erschienen waren, sorgten f\u00fcr tolle Stimmung auf den R\u00e4ngen. Dank des engagierten Einsatzes vieler freiwilliger Helferinnen und Helfer war bestens f\u00fcr das leibliche Wohl gesorgt, und das gesamte Stadion erlebte einen rundum gelungenen Tag voller Emotionen, Begeisterung und Teamgeist.<\/p>\n<p>Der SV Hilbeck bedankt sich herzlich bei allen Beteiligten, insbesondere bei den ehrenamtlichen Helferinnen und Helfern, die mit gro\u00dfem Engagement und Herzblut zum Erfolg dieses besonderen Turniers beigetragen haben. Eine Wiederholung ist definitiv geplant!\u00a0<\/p>\n<p>\u00a0<\/p>\n\n\n<figure class=\"wp-block-gallery has-nested-images columns-default is-cropped wp-block-gallery-1 is-layout-flex wp-block-gallery-is-layout-flex\">\n<figure class=\"wp-block-image size-large\"><img loading=\"lazy\" decoding=\"async\" width=\"1024\" height=\"768\" data-id=\"1296\" src=\"https:\/\/www.sv-hilbeck.de\/wp-content\/uploads\/2025\/05\/20250510_135746-1024x768.jpg\" alt=\"\" class=\"wp-image-1296\" srcset=\"https:\/\/www.sv-hilbeck.de\/wp-content\/uploads\/2025\/05\/20250510_135746-1024x768.jpg 1024w, https:\/\/www.sv-hilbeck.de\/wp-content\/uploads\/2025\/05\/20250510_135746-300x225.jpg 300w, https:\/\/www.sv-hilbeck.de\/wp-content\/uploads\/2025\/05\/20250510_135746-768x576.jpg 768w, https:\/\/www.sv-hilbeck.de\/wp-content\/uploads\/2025\/05\/20250510_135746-1536x1152.jpg 1536w, https:\/\/www.sv-hilbeck.de\/wp-content\/uploads\/2025\/05\/20250510_135746-2048x1536.jpg 2048w\" sizes=\"(max-width: 767px) 89vw, (max-width: 1000px) 54vw, (max-width: 1071px) 543px, 580px\" \/><\/figure>\n\n\n\n<figure class=\"wp-block-image size-large\"><img loading=\"lazy\" decoding=\"async\" width=\"768\" height=\"1024\" data-id=\"1294\" src=\"https:\/\/www.sv-hilbeck.de\/wp-content\/uploads\/2025\/05\/20250510_135928-768x1024.jpg\" alt=\"\" class=\"wp-image-1294\" srcset=\"https:\/\/www.sv-hilbeck.de\/wp-content\/uploads\/2025\/05\/20250510_135928-768x1024.jpg 768w, https:\/\/www.sv-hilbeck.de\/wp-content\/uploads\/2025\/05\/20250510_135928-225x300.jpg 225w, https:\/\/www.sv-hilbeck.de\/wp-content\/uploads\/2025\/05\/20250510_135928-1152x1536.jpg 1152w, https:\/\/www.sv-hilbeck.de\/wp-content\/uploads\/2025\/05\/20250510_135928-1536x2048.jpg 1536w, https:\/\/www.sv-hilbeck.de\/wp-content\/uploads\/2025\/05\/20250510_135928-scaled.jpg 1920w\" sizes=\"(max-width: 767px) 89vw, (max-width: 1000px) 54vw, (max-width: 1071px) 543px, 580px\" \/><\/figure>\n\n\n\n<figure class=\"wp-block-image size-large\"><img loading=\"lazy\" decoding=\"async\" width=\"1024\" height=\"768\" data-id=\"1292\" src=\"https:\/\/www.sv-hilbeck.de\/wp-content\/uploads\/2025\/05\/20250510_140333-1024x768.jpg\" alt=\"\" class=\"wp-image-1292\" srcset=\"https:\/\/www.sv-hilbeck.de\/wp-content\/uploads\/2025\/05\/20250510_140333-1024x768.jpg 1024w, https:\/\/www.sv-hilbeck.de\/wp-content\/uploads\/2025\/05\/20250510_140333-300x225.jpg 300w, https:\/\/www.sv-hilbeck.de\/wp-content\/uploads\/2025\/05\/20250510_140333-768x576.jpg 768w, https:\/\/www.sv-hilbeck.de\/wp-content\/uploads\/2025\/05\/20250510_140333-1536x1152.jpg 1536w, https:\/\/www.sv-hilbeck.de\/wp-content\/uploads\/2025\/05\/20250510_140333-2048x1536.jpg 2048w\" sizes=\"(max-width: 767px) 89vw, (max-width: 1000px) 54vw, (max-width: 1071px) 543px, 580px\" \/><\/figure>\n\n\n\n<figure class=\"wp-block-image size-large\"><img loading=\"lazy\" decoding=\"async\" width=\"1024\" height=\"768\" data-id=\"1293\" src=\"https:\/\/www.sv-hilbeck.de\/wp-content\/uploads\/2025\/05\/20250510_140425-1024x768.jpg\" alt=\"\" class=\"wp-image-1293\" srcset=\"https:\/\/www.sv-hilbeck.de\/wp-content\/uploads\/2025\/05\/20250510_140425-1024x768.jpg 1024w, https:\/\/www.sv-hilbeck.de\/wp-content\/uploads\/2025\/05\/20250510_140425-300x225.jpg 300w, https:\/\/www.sv-hilbeck.de\/wp-content\/uploads\/2025\/05\/20250510_140425-768x576.jpg 768w, https:\/\/www.sv-hilbeck.de\/wp-content\/uploads\/2025\/05\/20250510_140425-1536x1152.jpg 1536w, https:\/\/www.sv-hilbeck.de\/wp-content\/uploads\/2025\/05\/20250510_140425-2048x1536.jpg 2048w\" sizes=\"(max-width: 767px) 89vw, (max-width: 1000px) 54vw, (max-width: 1071px) 543px, 580px\" \/><\/figure>\n\n\n\n<figure class=\"wp-block-image size-large\"><img loading=\"lazy\" decoding=\"async\" width=\"1024\" height=\"768\" data-id=\"1295\" src=\"https:\/\/www.sv-hilbeck.de\/wp-content\/uploads\/2025\/05\/20250510_140429-1024x768.jpg\" alt=\"\" class=\"wp-image-1295\" srcset=\"https:\/\/www.sv-hilbeck.de\/wp-content\/uploads\/2025\/05\/20250510_140429-1024x768.jpg 1024w, https:\/\/www.sv-hilbeck.de\/wp-content\/uploads\/2025\/05\/20250510_140429-300x225.jpg 300w, https:\/\/www.sv-hilbeck.de\/wp-content\/uploads\/2025\/05\/20250510_140429-768x576.jpg 768w, https:\/\/www.sv-hilbeck.de\/wp-content\/uploads\/2025\/05\/20250510_140429-1536x1152.jpg 1536w, https:\/\/www.sv-hilbeck.de\/wp-content\/uploads\/2025\/05\/20250510_140429-2048x1536.jpg 2048w\" sizes=\"(max-width: 767px) 89vw, (max-width: 1000px) 54vw, (max-width: 1071px) 543px, 580px\" \/><\/figure>\n\n\n\n<figure class=\"wp-block-image size-large\"><img loading=\"lazy\" decoding=\"async\" width=\"1024\" height=\"768\" data-id=\"1297\" src=\"https:\/\/www.sv-hilbeck.de\/wp-content\/uploads\/2025\/05\/20250510_140606-1024x768.jpg\" alt=\"\" class=\"wp-image-1297\" srcset=\"https:\/\/www.sv-hilbeck.de\/wp-content\/uploads\/2025\/05\/20250510_140606-1024x768.jpg 1024w, https:\/\/www.sv-hilbeck.de\/wp-content\/uploads\/2025\/05\/20250510_140606-300x225.jpg 300w, https:\/\/www.sv-hilbeck.de\/wp-content\/uploads\/2025\/05\/20250510_140606-768x576.jpg 768w, https:\/\/www.sv-hilbeck.de\/wp-content\/uploads\/2025\/05\/20250510_140606-1536x1152.jpg 1536w, https:\/\/www.sv-hilbeck.de\/wp-content\/uploads\/2025\/05\/20250510_140606-2048x1536.jpg 2048w\" sizes=\"(max-width: 767px) 89vw, (max-width: 1000px) 54vw, (max-width: 1071px) 543px, 580px\" \/><\/figure>\n\n\n\n<figure class=\"wp-block-image size-large\"><img loading=\"lazy\" decoding=\"async\" width=\"1024\" height=\"768\" data-id=\"1291\" src=\"https:\/\/www.sv-hilbeck.de\/wp-content\/uploads\/2025\/05\/IMG-20250510-WA0008-1024x768.jpg\" alt=\"\" class=\"wp-image-1291\" srcset=\"https:\/\/www.sv-hilbeck.de\/wp-content\/uploads\/2025\/05\/IMG-20250510-WA0008-1024x768.jpg 1024w, https:\/\/www.sv-hilbeck.de\/wp-content\/uploads\/2025\/05\/IMG-20250510-WA0008-300x225.jpg 300w, https:\/\/www.sv-hilbeck.de\/wp-content\/uploads\/2025\/05\/IMG-20250510-WA0008-768x576.jpg 768w, https:\/\/www.sv-hilbeck.de\/wp-content\/uploads\/2025\/05\/IMG-20250510-WA0008-1536x1152.jpg 1536w, https:\/\/www.sv-hilbeck.de\/wp-content\/uploads\/2025\/05\/IMG-20250510-WA0008-2048x1536.jpg 2048w\" sizes=\"(max-width: 767px) 89vw, (max-width: 1000px) 54vw, (max-width: 1071px) 543px, 580px\" \/><\/figure>\n<\/figure>\n","protected":false},"excerpt":{"rendered":"<p>Bei strahlendem Sonnenschein fand am Samstag, den 10. Mai 2025, im Willi-Hafer-Stadion in Hilbeck ein ganz besonderes Fu\u00dfballturnier statt: Der SV Hilbeck hatte in guter Zusammenarbeit mit Fabio Singel zum Inklusionsturnier f\u00fcr erwachsene Menschen mit Handicap eingeladen \u2013 und zahlreiche Mannschaften aus der Region waren der Einladung gefolgt. Im Vordergrund standen an diesem Tag nicht &hellip; <\/p>\n<p class=\"link-more\"><a href=\"https:\/\/www.sv-hilbeck.de\/?page_id=1283\" class=\"more-link\"><span class=\"screen-reader-text\">\u201e1. Inklusionsturnier in Hilbeck\u201c<\/span> weiterlesen<\/a><\/p>\n","protected":false},"author":3,"featured_media":0,"parent":1188,"menu_order":0,"comment_status":"closed","ping_status":"closed","template":"","meta":{"footnotes":""},"_links":{"self":[{"href":"https:\/\/www.sv-hilbeck.de\/index.php?rest_route=\/wp\/v2\/pages\/1283"}],"collection":[{"href":"https:\/\/www.sv-hilbeck.de\/index.php?rest_route=\/wp\/v2\/pages"}],"about":[{"href":"https:\/\/www.sv-hilbeck.de\/index.php?rest_route=\/wp\/v2\/types\/page"}],"author":[{"embeddable":true,"href":"https:\/\/www.sv-hilbeck.de\/index.php?rest_route=\/wp\/v2\/users\/3"}],"replies":[{"embeddable":true,"href":"https:\/\/www.sv-hilbeck.de\/index.php?rest_route=%2Fwp%2Fv2%2Fcomments&post=1283"}],"version-history":[{"count":4,"href":"https:\/\/www.sv-hilbeck.de\/index.php?rest_route=\/wp\/v2\/pages\/1283\/revisions"}],"predecessor-version":[{"id":1298,"href":"https:\/\/www.sv-hilbeck.de\/index.php?rest_route=\/wp\/v2\/pages\/1283\/revisions\/1298"}],"up":[{"embeddable":true,"href":"https:\/\/www.sv-hilbeck.de\/index.php?rest_route=\/wp\/v2\/pages\/1188"}],"wp:attachment":[{"href":"https:\/\/www.sv-hilbeck.de\/index.php?rest_route=%2Fwp%2Fv2%2Fmedia&parent=1283"}],"curies":[{"name":"wp","href":"https:\/\/api.w.org\/{rel}","templated":true}]}}