{"id":98,"date":"2018-03-16T20:48:10","date_gmt":"2018-03-16T19:48:10","guid":{"rendered":"http:\/\/www.sv-hilbeck.de\/?page_id=98"},"modified":"2025-04-21T12:43:06","modified_gmt":"2025-04-21T10:43:06","slug":"tennis","status":"publish","type":"page","link":"https:\/\/www.sv-hilbeck.de\/?page_id=98","title":{"rendered":"Tennis"},"content":{"rendered":"<h5 style=\"text-align: right;\"><span style=\"font-size: 14pt;\"><strong>Unser Abteilungsleiter:<br \/>Karsten Sommer<\/strong><\/span><\/h5>\n<p>Kontakt: <a href=\"mailto:tennis@sv-hilbeck.de\" target=\"_blank\" rel=\"noopener noreferrer\"><strong><span style=\"color: #cf4206;\">tennis@sv-hilbeck.de<\/span><\/strong><\/a><\/p>\n<h4><strong>Gesch\u00e4ftsf\u00fchrer: Franz Steven<\/strong><br \/><strong>Schriftf\u00fchrerin: Annegret Haftka<\/strong><br \/><strong>Kompetenzteam:<\/strong><br \/><strong>Sport: Oliver Hellmich<\/strong><br \/><strong>Sponsoring: Jens Puhl<\/strong><br \/><strong>Management: Michael Hering<\/strong><br \/><strong>1. Jugendwart: Achim Wille<\/strong><br \/><strong>2. Jugendwart: Fritz Hering<\/strong><br \/><strong>Mannschaftsf\u00fchrer Herren 40: Matthias Honsel<\/strong><br \/><strong>Mannschaftsf\u00fchrer Herren 50: Michael Hering<\/strong><br \/><strong>Mannschaftsf\u00fchrer Herren 60: Achim Wille<\/strong><\/h4>\n<p><span style=\"font-size: 14pt;\"><strong>Unsere Gruppen:<\/strong><\/span><\/p>\n<p><strong>M\u00e4dchen U 10\/Jungen U 12<\/strong><br \/>Sa, 10 &#8211; 12 Uhr<br \/><strong>Jungen U 12 Mannschaft<\/strong><br \/>So, 10 &#8211; 12 Uhr<br \/><strong>M\u00e4dchen U 18<\/strong><br \/>Di, 17 &#8211; 18 Uhr<br \/><strong>M\u00e4dchen U 18 Mannschaft<\/strong><br \/>Fr, 16 -20 Uhr<br \/><strong>Jungen U 18<\/strong><br \/>Mo, 18 &#8211; 19:30 Uhr<br \/><strong>Damen Hobby<\/strong><br \/>Fr, 10-11 Uhr<br \/><strong>Damen 50<\/strong><br \/>Mi 17 &#8211; 19 Uhr, Training: Mo, 10 &#8211; 11 Uhr<br \/><strong>Herren 40<\/strong><br \/>Training: Mo, 19 -21 Uhr<br \/><strong>Herren 55<\/strong><br \/>Di, 18 &#8211; 19 Uhr; Mi, 10 &#8211; 11 Uhr; So, 18 &#8211; 20 Uhr<br \/>Training: Do, 18 &#8211; 20 Uhr<\/p>\n\n\n<figure class=\"wp-block-gallery has-nested-images columns-default is-cropped wp-block-gallery-1 is-layout-flex wp-block-gallery-is-layout-flex\"><\/figure>\n","protected":false},"excerpt":{"rendered":"<p>Unser Abteilungsleiter:Karsten Sommer Kontakt: tennis@sv-hilbeck.de Gesch\u00e4ftsf\u00fchrer: Franz StevenSchriftf\u00fchrerin: Annegret HaftkaKompetenzteam:Sport: Oliver HellmichSponsoring: Jens PuhlManagement: Michael Hering1. Jugendwart: Achim Wille2. Jugendwart: Fritz HeringMannschaftsf\u00fchrer Herren 40: Matthias HonselMannschaftsf\u00fchrer Herren 50: Michael HeringMannschaftsf\u00fchrer Herren 60: Achim Wille Unsere Gruppen: M\u00e4dchen U 10\/Jungen U 12Sa, 10 &#8211; 12 UhrJungen U 12 MannschaftSo, 10 &#8211; 12 UhrM\u00e4dchen U 18Di, 17 &hellip; <\/p>\n<p class=\"link-more\"><a href=\"https:\/\/www.sv-hilbeck.de\/?page_id=98\" class=\"more-link\"><span class=\"screen-reader-text\">\u201eTennis\u201c<\/span> weiterlesen<\/a><\/p>\n","protected":false},"author":1,"featured_media":1088,"parent":0,"menu_order":0,"comment_status":"closed","ping_status":"closed","template":"","meta":{"footnotes":""},"_links":{"self":[{"href":"https:\/\/www.sv-hilbeck.de\/index.php?rest_route=\/wp\/v2\/pages\/98"}],"collection":[{"href":"https:\/\/www.sv-hilbeck.de\/index.php?rest_route=\/wp\/v2\/pages"}],"about":[{"href":"https:\/\/www.sv-hilbeck.de\/index.php?rest_route=\/wp\/v2\/types\/page"}],"author":[{"embeddable":true,"href":"https:\/\/www.sv-hilbeck.de\/index.php?rest_route=\/wp\/v2\/users\/1"}],"replies":[{"embeddable":true,"href":"https:\/\/www.sv-hilbeck.de\/index.php?rest_route=%2Fwp%2Fv2%2Fcomments&post=98"}],"version-history":[{"count":14,"href":"https:\/\/www.sv-hilbeck.de\/index.php?rest_route=\/wp\/v2\/pages\/98\/revisions"}],"predecessor-version":[{"id":1236,"href":"https:\/\/www.sv-hilbeck.de\/index.php?rest_route=\/wp\/v2\/pages\/98\/revisions\/1236"}],"wp:featuredmedia":[{"embeddable":true,"href":"https:\/\/www.sv-hilbeck.de\/index.php?rest_route=\/wp\/v2\/media\/1088"}],"wp:attachment":[{"href":"https:\/\/www.sv-hilbeck.de\/index.php?rest_route=%2Fwp%2Fv2%2Fmedia&parent=98"}],"curies":[{"name":"wp","href":"https:\/\/api.w.org\/{rel}","templated":true}]}}